is the remainder when 58083 is divided by 5280?
3
What is the remainder when 8150 is divided by 216?
158
Calculate the remainder when 5187 is divided by 53.
46
Calculate the remainder when 8561 is divided by 1220.
21
Calculate the remainder when 94666 is divided by 16.
10
What is the remainder when 5994 is divided by 6?
0
What is the remainder when 46558 is divided by 5817?
22
Calculate the remainder when 6533 is divided by 2152.
77
Calculate the remainder when 97309 is divided by 370.
369
What is the remainder when 15087 is divided by 14814?
273
Calculate the remainder when 84667 is divided by 13.
11
Calculate the remainder when 46757 is divided by 334.
331
What is the remainder when 7312 is divided by 3383?
546
What is the remainder when 409246 is divided by 51151?
38
Calculate the remainder when 1576528 is divided by 251.
248
What is the remainder when 1321759 is divided by 38?
5
Calculate the remainder when 7091 is divided by 1276.
711
What is the remainder when 337934 is divided by 127?
114
What is the remainder when 9639 is divided by 3182?
93
What is the remainder when 4411 is divided by 747?
676
Calculate the remainder when 133090 is divided by 512.
482
What is the remainder when 1334 is divided by 256?
54
What is the remainder when 5132383 is divided by 765?
763
What is the remainder when 14044 is divided by 14039?
5
What is the remainder when 17937 is divided by 1626?
51
What is the remainder when 3359 is divided by 3340?
19
What is the remainder when 8605 is divided by 113?
17
What is the remainder when 1488715 is divided by 1267?
1257
Calculate the remainder when 50786 is divided by 50749.
37
Calculate the remainder when 576 is divided by 459.
117
Calculate the remainder when 3683 is divided by 11.
9
What is the remainder when 4667 is divided by 1511?
134
Calculate the remainder when 1703 is divided by 931.
772
Calculate the remainder when 462279 is divided by 520.
519
What is the remainder when 17150 is divided by 16800?
350
Calculate the remainder when 284487 is divided by 47414.
3
Calculate the remainder when 96909 is divided by 70.
29
What is the remainder when 379161 is divided by 75832?
1
What is the remainder when 234 is divided by 21?
3
Calculate the remainder when 89541 is divided by 122.
115
Calculate the remainder when 177075 is divided by 23.
21
What is the remainder when 129499 is divided by 24?
19
What is the remainder when 3764 is divided by 82?
74
What is the remainder when 2376 is divided by 2370?
6
Calculate the remainder when 11075 is divided by 72.
59
What is the remainder when 153240 is divided by 298?
68
Calculate the remainder when 17282 is divided by 428.
162
Calculate the remainder when 3644 is divided by 672.
284
Calculate the remainder when 6418 is divided by 781.
170
What is the remainder when 371415 is divided by 309?
306
What is the remainder when 13332 is divided by 1743?
1131
What is the remainder when 63952 is divided by 31954?
44
Calculate the remainder when 7405 is divided by 149.
104
Calculate the remainder when 12841 is divided by 6410.
21
Calculate the remainder when 2717 is divided by 77.
22
What is the remainder when 15312 is divided by 581?
206
Calculate the remainder when 2665 is divided by 871.
52
What is the remainder when 205 is divided by 39?
10
What is the remainder when 10444 is divided by 47?
10
What is the remainder when 182999 is divided by 375?
374
Calculate the remainder when 2351107 is divided by 4.
3
What is the remainder when 577535 is divided by 142?
21
Calculate the remainder when 5375 is divided by 1140.
815
What is the remainder when 10061 is divided by 10034?
27
Calculate the remainder when 8154 is divided by 7229.
925
Calculate the remainder when 1013 is divided by 173.
148
What is the remainder when 2752 is divided by 307?
296
What is the remainder when 5774 is divided by 144?
14
Calculate the remainder when 28151 is divided by 1763.
1706
Calculate the remainder when 1247 is divided by 1205.
42
Calculate the remainder when 6845 is divided by 12.
5
Calculate the remainder when 666441 is divided by 3723.
24
What is the remainder when 40238 is divided by 40221?
17
Calculate the remainder when 52125 is divided by 549.
519
Calculate the remainder when 25105 is divided by 12549.
7
What is the remainder when 1476 is divided by 1447?
29
Calculate the remainder when 70379 is divided by 20.
19
Calculate the remainder when 3471 is divided by 66.
39
What is the remainder when 4709 is divided by 1560?
29
Calculate the remainder when 31753 is divided by 3918.
409
Calculate the remainder when 8033 is divided by 4.
1
What is the remainder when 4078 is divided by 1014?
22
What is the remainder when 1778 is divided by 192?
50
Calculate the remainder when 282170 is divided by 484.
482
What is the remainder when 364769 is divided by 63?
62
What is the remainder when 6070 is divided by 2013?
31
Calculate the remainder when 13921 is divided by 303.
286
Calculate the remainder when 8730 is divided by 2114.
274
What is the remainder when 8168 is divided by 18?
14
Calculate the remainder when 19026 is divided by 92.
74
What is the remainder when 43853 is divided by 7?
5
What is the remainder when 2565 is divided by 150?
15
Calculate the remainder when 346912 is divided by 11.
5
Calculate the remainder when 4984 is divided by 622.
8
Calculate the remainder when 82500 is divided by 267.
264
What is the remainder when 1722 is divided by 273?
84
Calculate the remainder when 5861 is divided by 8.
5
Calculate the remainder when 681 is divided by 15.
6
What is the remainder when 1484951 is divided by 106?
103
What is the remainder when 38585 is divided by 1189?
537
Calculate the remainder when 43718 is divided by 772.
486
Calculate the remainder when 41049 is divided by 357.
351
Calculate the remainder when 6834 is divided by 5.
4
What is the remainder when 114904 is divided by 304?
296
Calculate the remainder when 24839 is divided by 57.
44
Calculate the remainder when 344607 is divided by 176.
175
Calculate the remainder when 109201 is divided by 18.
13
Calculate the remainder when 1664932 is divided by 104.
100
What is the remainder when 745165 is divided by 16?
13
Calculate the remainder when 5146 is divided by 4992.
154
Calculate the remainder when 2025 is divided by 492.
57
What is the remainder when 4006 is divided by 181?
24
Calculate the remainder when 30919 is divided by 192.
7
Calculate the remainder when 6417 is divided by 3190.
37
Calculate the remainder when 8141 is divided by 584.
549
What is the remainder when 145604 is divided by 427?
424
What is the remainder when 28717 is divided by 102?
55
What is the remainder when 2024 is divided by 1007?
10
Calculate the remainder when 10121 is divided by 22.
1
Calculate the remainder when 1012 is divided by 524.
488
Calculate the remainder when 13287 is divided by 255.
27
Calculate the remainder when 85353 is divided by 92.
69
What is the remainder when 16587 is divided by 1646?
127
What is the remainder when 413 is divided by 219?
194
What is the remainder when 1448 is divided by 95?
23
What is the remainder when 1847 is divided by 525?
272
Calculate the remainder when 271873 is divided by 339.
334
What is the remainder when 24486 is divided by 2501?
1977
What is the remainder when 4947 is divided by 1648?
3
What is the remainder when 3365 is divided by 102?
101
What is the remainder when 36335 is divided by 24?
23
What is the remainder when 4125 is divided by 4038?
87
What is the remainder when 96325 is divided by 99?
97
What is the remainder when 43501 is divided by 588?
577
Calculate the remainder when 663 is divided by 190.
93
Calculate the remainder when 135595 is divided by 231.
229
Calculate the remainder when 38708 is divided by 12848.
164
Calculate the remainder when 863 is divided by 37.
12
Calculate the remainder when 210 is divided by 126.
84
What is the remainder when 1537 is divided by 1425?
112
Calculate the remainder when 7132 is divided by 42.
34
Calculate the remainder when 314124 is divided by 11.
8
What is the remainder when 6388299 is divided by 77?
71
Calculate the remainder when 3565 is divided by 539.
331
What is the remainder when 138414 is divided by 14?
10
What is the remainder when 39960 is divided by 412?
408
